{"id":6833,"date":"2016-08-31T16:43:54","date_gmt":"2016-08-31T16:43:54","guid":{"rendered":"http:\/\/colegioapumanque.cl\/apumanque\/?page_id=6833"},"modified":"2016-08-31T21:17:00","modified_gmt":"2016-08-31T21:17:00","slug":"carta-del-director","status":"publish","type":"page","link":"http:\/\/colegioapumanque.cl\/apumanque\/carta-del-director\/","title":{"rendered":"Carta del Director"},"content":{"rendered":"<div id=\"pl-6833\"  class=\"panel-layout\" ><div id=\"pg-6833-0\"  class=\"panel-grid panel-no-style\" ><div id=\"pgc-6833-0-0\"  class=\"panel-grid-cell panel-grid-cell-empty\" ><\/div><\/div><div id=\"pg-6833-1\"  class=\"panel-grid panel-no-style\" ><div id=\"pgc-6833-1-0\"  class=\"panel-grid-cell\" ><div id=\"panel-6833-1-0-0\" class=\"so-panel widget widget_text panel-first-child panel-last-child\" data-index=\"0\" ><div class=\"panel-widget-style panel-widget-style-for-6833-1-0-0\" >\t\t\t<div class=\"textwidget\"><p style=\"text-align: justify;\">Hoy, me complace ser testigo y actor de la historia del <b>Colegio Apumanque<\/b>, una historia que comenz\u00f3 a escribirse hace 18 a\u00f1os, en base a un anhelo de parte de sus sostenedores, el cual  fue la trascendencia mediante la labor del servicio educativo, tarea de suyo compleja. Ese anhelo, ya a una apreciable distancia temporal, ha pasado de la ret\u00f3rica a la realidad, la cual ha sido tejida por muchas personas, todas aportando algo para llegar a ser lo que somos hoy en d\u00eda. De ah\u00ed, que no puedo dejar de agradecer a todos quienes han contribuido a construir nuestra realidad: profesores, profesoras, asistentes de la educaci\u00f3n, padres y apoderados, pero por sobre todo, a nuestros estudiantes, a los que lo son y a los que lo han sido.<\/p>\n<\/div>\n\t\t<\/div><\/div><\/div><div id=\"pgc-6833-1-1\"  class=\"panel-grid-cell\" ><div id=\"panel-6833-1-1-0\" class=\"so-panel widget widget_single-images panel-first-child panel-last-child\" data-index=\"1\" ><div class=\"thim-widget-single-images thim-widget-single-images-base\"><div class=\"single-image text-center\"><img src =\"http:\/\/colegioapumanque.cl\/apumanque\/wp-content\/uploads\/2016\/08\/img-director.jpg\"  alt=\"\"\/><\/div><\/div><\/div><\/div><\/div><div id=\"pg-6833-2\"  class=\"panel-grid panel-no-style\" ><div id=\"pgc-6833-2-0\"  class=\"panel-grid-cell\" ><div id=\"panel-6833-2-0-0\" class=\"so-panel widget widget_text panel-first-child panel-last-child\" data-index=\"2\" ><div class=\"panel-widget-style panel-widget-style-for-6833-2-0-0\" >\t\t\t<div class=\"textwidget\"><p style=\"text-align: justify;\">Hoy, el Colegio ha logrado una serie de metas educativas, tanto acad\u00e9micas como de desarrollo personal, que esperamos mantener y hacer crecer, en efecto, el potencial de nuestra instituci\u00f3n a\u00fan es desconocido. De ah\u00ed, que cada a\u00f1o escolar se inicie con la pertinente renovaci\u00f3n de nuestro compromiso con nuestros estudiantes de entregar las herramientas necesarias para su formaci\u00f3n, as\u00ed, nos importa el desarrollo de habilidades y destrezas, la construcci\u00f3n de aprendizajes significativos, entregar conocimientos que les permitan la mejor elecci\u00f3n profesional para su futuro.<\/p>\n<p style=\"text-align: justify;\">No obstante, nuestro compromiso no es suficiente, y estar\u00e1 garantizado su fracaso de no obtener el compromiso de Uds., nuestros Padres y Apoderados, pues sin vuestro apoyo el Colegio no avanza, no crece, no trasciende, pero tampoco lo har\u00e1n vuestros hijos e hijas. Por ello, es fundamental el trabajo honesto y colaborativo entre la Escuela y la Familia, ambos, ejes fundamentales e insustituibles en la formaci\u00f3n de las personas\u2026de sus hijos e hijas, de nuestros estudiantes.\n<\/p>\n<p>Jorge Alfaro Mart\u00ednez.<br \/>\nDirector Complejo Educacional Apumanque<\/p>\n<\/div>\n\t\t<\/div><\/div><\/div><\/div><\/div>","protected":false},"excerpt":{"rendered":"<p>Hoy, me complace ser testigo y actor de la historia del Colegio Apumanque, una historia que comenz\u00f3 a escribirse hace 18 a\u00f1os, en base a un anhelo de parte de sus sostenedores, el cual fue la trascendencia mediante la labor [&hellip;]<\/p>\n","protected":false},"author":1,"featured_media":0,"parent":0,"menu_order":0,"comment_status":"closed","ping_status":"closed","template":"","meta":[],"_links":{"self":[{"href":"http:\/\/colegioapumanque.cl\/apumanque\/wp-json\/wp\/v2\/pages\/6833"}],"collection":[{"href":"http:\/\/colegioapumanque.cl\/apumanque\/wp-json\/wp\/v2\/pages"}],"about":[{"href":"http:\/\/colegioapumanque.cl\/apumanque\/wp-json\/wp\/v2\/types\/page"}],"author":[{"embeddable":true,"href":"http:\/\/colegioapumanque.cl\/apumanque\/wp-json\/wp\/v2\/users\/1"}],"replies":[{"embeddable":true,"href":"http:\/\/colegioapumanque.cl\/apumanque\/wp-json\/wp\/v2\/comments?post=6833"}],"version-history":[{"count":5,"href":"http:\/\/colegioapumanque.cl\/apumanque\/wp-json\/wp\/v2\/pages\/6833\/revisions"}],"predecessor-version":[{"id":6867,"href":"http:\/\/colegioapumanque.cl\/apumanque\/wp-json\/wp\/v2\/pages\/6833\/revisions\/6867"}],"wp:attachment":[{"href":"http:\/\/colegioapumanque.cl\/apumanque\/wp-json\/wp\/v2\/media?parent=6833"}],"curies":[{"name":"wp","href":"https:\/\/api.w.org\/{rel}","templated":true}]}}

<div id="pl-6833"  class="panel-layout" ><div id="pg-6833-0"  class="panel-grid panel-no-style" ><div id="pgc-6833-0-0"  class="panel-grid-cell panel-grid-cell-empty" ></div></div><div id="pg-6833-1"  class="panel-grid panel-no-style" ><div id="pgc-6833-1-0"  class="panel-grid-cell" ><div id="panel-6833-1-0-0" class="so-panel widget widget_text panel-first-child panel-last-child" data-index="0" ><div class="panel-widget-style panel-widget-style-for-6833-1-0-0" >			<div class="textwidget"><p style="text-align: justify;">Hoy, me complace ser testigo y actor de la historia del <b>Colegio Apumanque</b>, una historia que comenzó a escribirse hace 18 años, en base a un anhelo de parte de sus sostenedores, el cual  fue la trascendencia mediante la labor del servicio educativo, tarea de suyo compleja. Ese anhelo, ya a una apreciable distancia temporal, ha pasado de la retórica a la realidad, la cual ha sido tejida por muchas personas, todas aportando algo para llegar a ser lo que somos hoy en día. De ahí, que no puedo dejar de agradecer a todos quienes han contribuido a construir nuestra realidad: profesores, profesoras, asistentes de la educación, padres y apoderados, pero por sobre todo, a nuestros estudiantes, a los que lo son y a los que lo han sido.</p>
</div>
		</div></div></div><div id="pgc-6833-1-1"  class="panel-grid-cell" ><div id="panel-6833-1-1-0" class="so-panel widget widget_single-images panel-first-child panel-last-child" data-index="1" ><div class="thim-widget-single-images thim-widget-single-images-base"><div class="single-image text-center"><img src ="http://colegioapumanque.cl/apumanque/wp-content/uploads/2016/08/img-director.jpg"  alt=""/></div></div></div></div></div><div id="pg-6833-2"  class="panel-grid panel-no-style" ><div id="pgc-6833-2-0"  class="panel-grid-cell" ><div id="panel-6833-2-0-0" class="so-panel widget widget_text panel-first-child panel-last-child" data-index="2" ><div class="panel-widget-style panel-widget-style-for-6833-2-0-0" >			<div class="textwidget"><p style="text-align: justify;">Hoy, el Colegio ha logrado una serie de metas educativas, tanto académicas como de desarrollo personal, que esperamos mantener y hacer crecer, en efecto, el potencial de nuestra institución aún es desconocido. De ahí, que cada año escolar se inicie con la pertinente renovación de nuestro compromiso con nuestros estudiantes de entregar las herramientas necesarias para su formación, así, nos importa el desarrollo de habilidades y destrezas, la construcción de aprendizajes significativos, entregar conocimientos que les permitan la mejor elección profesional para su futuro.</p>
<p style="text-align: justify;">No obstante, nuestro compromiso no es suficiente, y estará garantizado su fracaso de no obtener el compromiso de Uds., nuestros Padres y Apoderados, pues sin vuestro apoyo el Colegio no avanza, no crece, no trasciende, pero tampoco lo harán vuestros hijos e hijas. Por ello, es fundamental el trabajo honesto y colaborativo entre la Escuela y la Familia, ambos, ejes fundamentales e insustituibles en la formación de las personas…de sus hijos e hijas, de nuestros estudiantes.
</p>
<p>Jorge Alfaro Martínez.<br />
Director Complejo Educacional Apumanque</p>
</div>
		</div></div></div></div></div>

<p>Hoy, me complace ser testigo y actor de la historia del Colegio Apumanque, una historia que comenzó a escribirse hace 18 años, en base a un anhelo de parte de sus sostenedores, el cual fue la trascendencia mediante la labor [&hellip;]</p>
