{"id":6855,"date":"2016-08-31T21:05:00","date_gmt":"2016-08-31T21:05:00","guid":{"rendered":"http:\/\/colegioapumanque.cl\/apumanque\/?page_id=6855"},"modified":"2016-10-07T19:40:28","modified_gmt":"2016-10-07T19:40:28","slug":"asistentes-de-la-educacion","status":"publish","type":"page","link":"http:\/\/colegioapumanque.cl\/apumanque\/asistentes-de-la-educacion\/","title":{"rendered":"Asistentes de la Educaci\u00f3n"},"content":{"rendered":"<div id=\"pl-6855\"  class=\"panel-layout\" ><div id=\"pg-6855-0\"  class=\"panel-grid panel-no-style\" ><div id=\"pgc-6855-0-0\"  class=\"panel-grid-cell panel-grid-cell-empty\" ><\/div><\/div><div id=\"pg-6855-1\"  class=\"panel-grid panel-has-style\" ><div class=\"panel-row-style panel-row-style-for-6855-1\" ><div id=\"pgc-6855-1-0\"  class=\"panel-grid-cell\" ><div id=\"panel-6855-1-0-0\" class=\"so-panel widget widget_single-images panel-first-child panel-last-child\" data-index=\"0\" ><div class=\"thim-widget-single-images thim-widget-single-images-base\"><div class=\"single-image text-left\"><img src =\"http:\/\/colegioapumanque.cl\/apumanque\/wp-content\/uploads\/2016\/08\/img-asistentes-educacion1.jpg\"  alt=\"\"\/><\/div><\/div><\/div><\/div><div id=\"pgc-6855-1-1\"  class=\"panel-grid-cell\" ><div id=\"panel-6855-1-1-0\" class=\"so-panel widget widget_heading panel-first-child\" data-index=\"1\" ><div class=\"thim-widget-heading thim-widget-heading-base\"><div class=\"sc_heading text-left\"><h3 class=\"title\">Asistentes de la Educaci\u00f3n<\/h3><span class=\"line\"><\/span><\/div><\/div><\/div><div id=\"panel-6855-1-1-1\" class=\"so-panel widget widget_text panel-last-child\" data-index=\"2\" >\t\t\t<div class=\"textwidget\"><ul>\n<li>Walton Lillo<\/li>\n<li>Mar\u00eda Cecilia Valencia<\/li>\n<li>Yomara Rojas V\u00e1squez<\/li>\n<li>Mar\u00eda Eugenia Morales<\/li>\n<li>Claudia Aracena<\/li>\n<li>Giovanna Reyes<\/li>\n<li>Alejandro Guerrero Apablaza<\/li>\n<\/ul>\n<\/div>\n\t\t<\/div><\/div><\/div><\/div><div id=\"pg-6855-2\"  class=\"panel-grid panel-has-style\" ><div class=\"panel-row-style panel-row-style-for-6855-2\" ><div id=\"pgc-6855-2-0\"  class=\"panel-grid-cell\" ><div id=\"panel-6855-2-0-0\" class=\"so-panel widget widget_single-images panel-first-child panel-last-child\" data-index=\"3\" ><div class=\"thim-widget-single-images thim-widget-single-images-base\"><div class=\"single-image text-left\"><img src =\"http:\/\/colegioapumanque.cl\/apumanque\/wp-content\/uploads\/2016\/08\/img-asistentes-educacion2.jpg\"  alt=\"\"\/><\/div><\/div><\/div><\/div><div id=\"pgc-6855-2-1\"  class=\"panel-grid-cell\" ><div id=\"panel-6855-2-1-0\" class=\"so-panel widget widget_heading panel-first-child\" data-index=\"4\" ><div class=\"thim-widget-heading thim-widget-heading-base\"><div class=\"sc_heading text-left\"><h3 class=\"title\">Asistentes de la Educaci\u00f3n<\/h3><span class=\"line\"><\/span><\/div><\/div><\/div><div id=\"panel-6855-2-1-1\" class=\"so-panel widget widget_text panel-last-child\" data-index=\"5\" >\t\t\t<div class=\"textwidget\"><ul>\n<li>Cristian Bahamondez Bugue\u00f1o<\/li>\n<li>Luc\u00eda Fierro Godoy<\/li>\n<li>Alejandra Tolosa Romo<\/li>\n<li>\u00c1ngela Leyton Gonz\u00e1lez<\/li>\n<li>Carolina Gonz\u00e1lez Maldonado<\/li>\n<li>Mar\u00eda Fernanda Miranda<\/li>\n<\/ul>\n<\/div>\n\t\t<\/div><\/div><\/div><\/div><div id=\"pg-6855-3\"  class=\"panel-grid panel-has-style\" ><div class=\"panel-row-style panel-row-style-for-6855-3\" ><div id=\"pgc-6855-3-0\"  class=\"panel-grid-cell\" ><div id=\"panel-6855-3-0-0\" class=\"so-panel widget widget_single-images panel-first-child panel-last-child\" data-index=\"6\" ><div class=\"thim-widget-single-images thim-widget-single-images-base\"><div class=\"single-image text-left\"><img src =\"http:\/\/colegioapumanque.cl\/apumanque\/wp-content\/uploads\/2016\/08\/img-asistentes-educacion3.jpg\"  alt=\"\"\/><\/div><\/div><\/div><\/div><div id=\"pgc-6855-3-1\"  class=\"panel-grid-cell\" ><div id=\"panel-6855-3-1-0\" class=\"so-panel widget widget_heading panel-first-child\" data-index=\"7\" ><div class=\"thim-widget-heading thim-widget-heading-base\"><div class=\"sc_heading text-left\"><h3 class=\"title\">Asistentes de la Educaci\u00f3n<\/h3><span class=\"line\"><\/span><\/div><\/div><\/div><div id=\"panel-6855-3-1-1\" class=\"so-panel widget widget_text panel-last-child\" data-index=\"8\" >\t\t\t<div class=\"textwidget\"><ul>\n<li>Mar\u00eda Hidalgo Montino<\/li>\n<li>Elizabeth Olivares P\u00e9rez<\/li>\n<li>Aracelly Collao Frez<\/li>\n<li>P\u00eda Gallardo Tapia<\/li>\n<li>Silvia Rubio Arranz<\/li>\n<\/ul>\n<\/div>\n\t\t<\/div><\/div><\/div><\/div><div id=\"pg-6855-4\"  class=\"panel-grid panel-has-style\" ><div class=\"panel-row-style panel-row-style-for-6855-4\" ><div id=\"pgc-6855-4-0\"  class=\"panel-grid-cell\" ><div id=\"panel-6855-4-0-0\" class=\"so-panel widget widget_single-images panel-first-child panel-last-child\" data-index=\"9\" ><div class=\"thim-widget-single-images thim-widget-single-images-base\"><div class=\"single-image text-left\"><img src =\"http:\/\/colegioapumanque.cl\/apumanque\/wp-content\/uploads\/2016\/08\/img-asistentes-educacion4.jpg\"  alt=\"\"\/><\/div><\/div><\/div><\/div><div id=\"pgc-6855-4-1\"  class=\"panel-grid-cell\" ><div id=\"panel-6855-4-1-0\" class=\"so-panel widget widget_heading panel-first-child\" data-index=\"10\" ><div class=\"thim-widget-heading thim-widget-heading-base\"><div class=\"sc_heading text-left\"><h3 class=\"title\">Asistentes de la Educaci\u00f3n<\/h3><span class=\"line\"><\/span><\/div><\/div><\/div><div id=\"panel-6855-4-1-1\" class=\"so-panel widget widget_text panel-last-child\" data-index=\"11\" >\t\t\t<div class=\"textwidget\"><ul>\n<li>El\u00edas Marillanca Castillo<\/li>\n<li>Patricia Zamora Fern\u00e1ndez<\/li>\n<li>Karina Figueroa Alfaro<\/li>\n<\/ul>\n<\/div>\n\t\t<\/div><\/div><\/div><\/div><div id=\"pg-6855-5\"  class=\"panel-grid panel-has-style\" ><div class=\"panel-row-style panel-row-style-for-6855-5\" ><div id=\"pgc-6855-5-0\"  class=\"panel-grid-cell\" ><div id=\"panel-6855-5-0-0\" class=\"so-panel widget widget_single-images panel-first-child panel-last-child\" data-index=\"12\" ><div class=\"thim-widget-single-images thim-widget-single-images-base\"><div class=\"single-image text-left\"><img src =\"http:\/\/colegioapumanque.cl\/apumanque\/wp-content\/uploads\/2016\/08\/img-asistentes-educacion5.jpg\"  alt=\"\"\/><\/div><\/div><\/div><\/div><div id=\"pgc-6855-5-1\"  class=\"panel-grid-cell\" ><div id=\"panel-6855-5-1-0\" class=\"so-panel widget widget_heading panel-first-child\" data-index=\"13\" ><div class=\"thim-widget-heading thim-widget-heading-base\"><div class=\"sc_heading text-left\"><h3 class=\"title\">Asistentes de la Educaci\u00f3n<\/h3><span class=\"line\"><\/span><\/div><\/div><\/div><div id=\"panel-6855-5-1-1\" class=\"so-panel widget widget_text panel-last-child\" data-index=\"14\" >\t\t\t<div class=\"textwidget\"><ul>\n<li>Ang\u00e9lica Aros P\u00e9rez<\/li>\n<li>Nathaly Oyanedel Olivares<\/li>\n<li>Mar\u00eda Ang\u00e9lica Leal Pardo<\/li>\n<li>Claudia Escudero Aravena<\/li>\n<li>Leticia N\u00fa\u00f1ez Mena<\/li>\n<li>Mar\u00eda Lemus N\u00fa\u00f1ez<\/li>\n<li>Daniela Barrera Huerta<\/li>\n<li>B\u00e1rbara Cisternas Rodr\u00edguez<\/li>\n<li>Ana \u00d3rdenes Albornoz<\/li>\n<\/ul>\n<\/div>\n\t\t<\/div><\/div><\/div><\/div><\/div>","protected":false},"excerpt":{"rendered":"<p>Walton Lillo Mar\u00eda Cecilia Valencia Yomara Rojas V\u00e1squez Mar\u00eda Eugenia Morales Claudia Aracena Giovanna Reyes Alejandro Guerrero Apablaza<\/p>\n","protected":false},"author":1,"featured_media":0,"parent":0,"menu_order":0,"comment_status":"closed","ping_status":"closed","template":"","meta":[],"_links":{"self":[{"href":"http:\/\/colegioapumanque.cl\/apumanque\/wp-json\/wp\/v2\/pages\/6855"}],"collection":[{"href":"http:\/\/colegioapumanque.cl\/apumanque\/wp-json\/wp\/v2\/pages"}],"about":[{"href":"http:\/\/colegioapumanque.cl\/apumanque\/wp-json\/wp\/v2\/types\/page"}],"author":[{"embeddable":true,"href":"http:\/\/colegioapumanque.cl\/apumanque\/wp-json\/wp\/v2\/users\/1"}],"replies":[{"embeddable":true,"href":"http:\/\/colegioapumanque.cl\/apumanque\/wp-json\/wp\/v2\/comments?post=6855"}],"version-history":[{"count":5,"href":"http:\/\/colegioapumanque.cl\/apumanque\/wp-json\/wp\/v2\/pages\/6855\/revisions"}],"predecessor-version":[{"id":6858,"href":"http:\/\/colegioapumanque.cl\/apumanque\/wp-json\/wp\/v2\/pages\/6855\/revisions\/6858"}],"wp:attachment":[{"href":"http:\/\/colegioapumanque.cl\/apumanque\/wp-json\/wp\/v2\/media?parent=6855"}],"curies":[{"name":"wp","href":"https:\/\/api.w.org\/{rel}","templated":true}]}}