{"id":6887,"date":"2016-09-01T12:51:10","date_gmt":"2016-09-01T12:51:10","guid":{"rendered":"http:\/\/colegioapumanque.cl\/apumanque\/?page_id=6887"},"modified":"2016-10-07T21:01:01","modified_gmt":"2016-10-07T21:01:01","slug":"equipo-directivo","status":"publish","type":"page","link":"http:\/\/colegioapumanque.cl\/apumanque\/equipo-directivo\/","title":{"rendered":"Equipo Directivo"},"content":{"rendered":"<div id=\"pl-6887\"  class=\"panel-layout\" ><div id=\"pg-6887-0\"  class=\"panel-grid panel-no-style\" ><div id=\"pgc-6887-0-0\"  class=\"panel-grid-cell panel-grid-cell-empty\" ><\/div><\/div><div id=\"pg-6887-1\"  class=\"panel-grid panel-has-style\" ><div class=\"panel-row-style panel-row-style-for-6887-1\" ><div id=\"pgc-6887-1-0\"  class=\"panel-grid-cell\" ><div id=\"panel-6887-1-0-0\" class=\"so-panel widget widget_single-images panel-first-child panel-last-child\" data-index=\"0\" ><div class=\"thim-widget-single-images thim-widget-single-images-base\"><div class=\"single-image text-left\"><img src =\"http:\/\/colegioapumanque.cl\/apumanque\/wp-content\/uploads\/2016\/09\/img-equipo-directivo.jpg\"  alt=\"\"\/><\/div><\/div><\/div><\/div><div id=\"pgc-6887-1-1\"  class=\"panel-grid-cell\" ><div id=\"panel-6887-1-1-0\" class=\"so-panel widget widget_heading panel-first-child\" data-index=\"1\" ><div class=\"thim-widget-heading thim-widget-heading-base\"><div class=\"sc_heading text-left\"><h3 class=\"title\">Equipo Directivo<\/h3><span class=\"line\"><\/span><\/div><\/div><\/div><div id=\"panel-6887-1-1-1\" class=\"so-panel widget widget_text panel-last-child\" data-index=\"2\" >\t\t\t<div class=\"textwidget\"><ul>\n<li>Boris Corona Santander (Coordinador de Ense\u00f1anza Media)<\/li>\n<li>Jorge Alfaro Mart\u00ednez (Director)<\/li>\n<li>Miguel Jim\u00e9nez Mart\u00ednez (Coordinador General)<\/li>\n<li>Cristian Baham\u00f3ndez Bugue\u00f1o (Inspector General)<\/li>\n<li>Sara Pezoa Navarro (Coordinadora de 7\u00b0 a 8\u00b0 B\u00e1sico y Talleres)<\/li>\n<li>Sara Ot\u00e1rola Navarrete (Rectora)<\/li>\n<li>Miriam Gaete Vargas(Coordinadora de 5\u00ba a 6\u00ba B\u00e1sico)<\/li>\n<li>Mar\u00eda Soledad Mart\u00ednez Espinoza (Coordinadora de Educaci\u00f3n Parvularia y de 1\u00ba a 4\u00ba B\u00e1sico)<\/li>\n<\/ul>\n<\/div>\n\t\t<\/div><\/div><\/div><\/div><div id=\"pg-6887-2\"  class=\"panel-grid panel-has-style\" ><div class=\"panel-row-style panel-row-style-for-6887-2\" ><div id=\"pgc-6887-2-0\"  class=\"panel-grid-cell\" ><div id=\"panel-6887-2-0-0\" class=\"so-panel widget widget_heading panel-first-child\" data-index=\"3\" ><div class=\"thim-widget-heading thim-widget-heading-base\"><div class=\"sc_heading text-center\"><h3 class=\"title\">Organigrama<\/h3><span class=\"line\"><\/span><\/div><\/div><\/div><div id=\"panel-6887-2-0-1\" class=\"so-panel widget widget_single-images panel-last-child\" data-index=\"4\" ><div class=\"thim-widget-single-images thim-widget-single-images-base\"><div class=\"single-image text-left\"><img src =\"http:\/\/colegioapumanque.cl\/apumanque\/wp-content\/uploads\/2016\/09\/organigrama.jpg\"  alt=\"\"\/><\/div><\/div><\/div><\/div><\/div><\/div><\/div>","protected":false},"excerpt":{"rendered":"<p>Boris Corona Santander (Coordinador de Ense\u00f1anza Media) Jorge Alfaro Mart\u00ednez (Director) Miguel Jim\u00e9nez Mart\u00ednez (Coordinador General) Cristian Baham\u00f3ndez Bugue\u00f1o (Inspector General) Sara Pezoa Navarro (Coordinadora de 7\u00b0 a 8\u00b0 B\u00e1sico y Talleres) Sara Ot\u00e1rola Navarrete (Rectora) Miriam Gaete Vargas(Coordinadora de [&hellip;]<\/p>\n","protected":false},"author":1,"featured_media":0,"parent":0,"menu_order":0,"comment_status":"closed","ping_status":"closed","template":"","meta":[],"_links":{"self":[{"href":"http:\/\/colegioapumanque.cl\/apumanque\/wp-json\/wp\/v2\/pages\/6887"}],"collection":[{"href":"http:\/\/colegioapumanque.cl\/apumanque\/wp-json\/wp\/v2\/pages"}],"about":[{"href":"http:\/\/colegioapumanque.cl\/apumanque\/wp-json\/wp\/v2\/types\/page"}],"author":[{"embeddable":true,"href":"http:\/\/colegioapumanque.cl\/apumanque\/wp-json\/wp\/v2\/users\/1"}],"replies":[{"embeddable":true,"href":"http:\/\/colegioapumanque.cl\/apumanque\/wp-json\/wp\/v2\/comments?post=6887"}],"version-history":[{"count":4,"href":"http:\/\/colegioapumanque.cl\/apumanque\/wp-json\/wp\/v2\/pages\/6887\/revisions"}],"predecessor-version":[{"id":7112,"href":"http:\/\/colegioapumanque.cl\/apumanque\/wp-json\/wp\/v2\/pages\/6887\/revisions\/7112"}],"wp:attachment":[{"href":"http:\/\/colegioapumanque.cl\/apumanque\/wp-json\/wp\/v2\/media?parent=6887"}],"curies":[{"name":"wp","href":"https:\/\/api.w.org\/{rel}","templated":true}]}}