{"id":6892,"date":"2016-09-01T12:56:30","date_gmt":"2016-09-01T12:56:30","guid":{"rendered":"http:\/\/colegioapumanque.cl\/apumanque\/?page_id=6892"},"modified":"2016-09-02T13:52:33","modified_gmt":"2016-09-02T13:52:33","slug":"centro-de-padres-y-apoderados","status":"publish","type":"page","link":"http:\/\/colegioapumanque.cl\/apumanque\/centro-de-padres-y-apoderados\/","title":{"rendered":"Centro de Padres y Apoderados"},"content":{"rendered":"<div id=\"pl-6892\"  class=\"panel-layout\" ><div id=\"pg-6892-0\"  class=\"panel-grid panel-no-style\" ><div id=\"pgc-6892-0-0\"  class=\"panel-grid-cell panel-grid-cell-empty\" ><\/div><\/div><div id=\"pg-6892-1\"  class=\"panel-grid panel-has-style\" ><div class=\"panel-row-style panel-row-style-for-6892-1\" ><div id=\"pgc-6892-1-0\"  class=\"panel-grid-cell\" ><div id=\"panel-6892-1-0-0\" class=\"so-panel widget widget_single-images panel-first-child panel-last-child\" data-index=\"0\" ><div class=\"thim-widget-single-images thim-widget-single-images-base\"><div class=\"single-image text-left\"><img src =\"http:\/\/colegioapumanque.cl\/apumanque\/wp-content\/uploads\/2016\/09\/img-estamentos-padres.jpg\"  alt=\"\"\/><\/div><\/div><\/div><\/div><div id=\"pgc-6892-1-1\"  class=\"panel-grid-cell\" ><div id=\"panel-6892-1-1-0\" class=\"so-panel widget widget_heading panel-first-child\" data-index=\"1\" ><div class=\"thim-widget-heading thim-widget-heading-base\"><div class=\"sc_heading text-left\"><h3 class=\"title\">Centro de Padres y Apoderados<\/h3><span class=\"line\"><\/span><\/div><\/div><\/div><div id=\"panel-6892-1-1-1\" class=\"so-panel widget widget_text panel-last-child\" data-index=\"2\" >\t\t\t<div class=\"textwidget\"><ul>\n<li>Marcelo Tapia (Secretario)<\/li>\n<li>Heddy Bugue\u00f1o (Tesorera)<\/li>\n<li>Ver\u00f3nica Hurtado (Presidente)<\/li>\n<li>Rosa Bugue\u00f1o (Directora)<\/li>\n<\/ul>\n<\/div>\n\t\t<\/div><\/div><\/div><\/div><\/div>","protected":false},"excerpt":{"rendered":"<p>Marcelo Tapia (Secretario) Heddy Bugue\u00f1o (Tesorera) Ver\u00f3nica Hurtado (Presidente) Rosa Bugue\u00f1o (Directora)<\/p>\n","protected":false},"author":1,"featured_media":0,"parent":0,"menu_order":0,"comment_status":"closed","ping_status":"closed","template":"","meta":[],"_links":{"self":[{"href":"http:\/\/colegioapumanque.cl\/apumanque\/wp-json\/wp\/v2\/pages\/6892"}],"collection":[{"href":"http:\/\/colegioapumanque.cl\/apumanque\/wp-json\/wp\/v2\/pages"}],"about":[{"href":"http:\/\/colegioapumanque.cl\/apumanque\/wp-json\/wp\/v2\/types\/page"}],"author":[{"embeddable":true,"href":"http:\/\/colegioapumanque.cl\/apumanque\/wp-json\/wp\/v2\/users\/1"}],"replies":[{"embeddable":true,"href":"http:\/\/colegioapumanque.cl\/apumanque\/wp-json\/wp\/v2\/comments?post=6892"}],"version-history":[{"count":1,"href":"http:\/\/colegioapumanque.cl\/apumanque\/wp-json\/wp\/v2\/pages\/6892\/revisions"}],"predecessor-version":[{"id":6894,"href":"http:\/\/colegioapumanque.cl\/apumanque\/wp-json\/wp\/v2\/pages\/6892\/revisions\/6894"}],"wp:attachment":[{"href":"http:\/\/colegioapumanque.cl\/apumanque\/wp-json\/wp\/v2\/media?parent=6892"}],"curies":[{"name":"wp","href":"https:\/\/api.w.org\/{rel}","templated":true}]}}

<div id="pl-6892"  class="panel-layout" ><div id="pg-6892-0"  class="panel-grid panel-no-style" ><div id="pgc-6892-0-0"  class="panel-grid-cell panel-grid-cell-empty" ></div></div><div id="pg-6892-1"  class="panel-grid panel-has-style" ><div class="panel-row-style panel-row-style-for-6892-1" ><div id="pgc-6892-1-0"  class="panel-grid-cell" ><div id="panel-6892-1-0-0" class="so-panel widget widget_single-images panel-first-child panel-last-child" data-index="0" ><div class="thim-widget-single-images thim-widget-single-images-base"><div class="single-image text-left"><img src ="http://colegioapumanque.cl/apumanque/wp-content/uploads/2016/09/img-estamentos-padres.jpg"  alt=""/></div></div></div></div><div id="pgc-6892-1-1"  class="panel-grid-cell" ><div id="panel-6892-1-1-0" class="so-panel widget widget_heading panel-first-child" data-index="1" ><div class="thim-widget-heading thim-widget-heading-base"><div class="sc_heading text-left"><h3 class="title">Centro de Padres y Apoderados</h3><span class="line"></span></div></div></div><div id="panel-6892-1-1-1" class="so-panel widget widget_text panel-last-child" data-index="2" >			<div class="textwidget"><ul>
<li>Marcelo Tapia (Secretario)</li>
<li>Heddy Bugueño (Tesorera)</li>
<li>Verónica Hurtado (Presidente)</li>
<li>Rosa Bugueño (Directora)</li>
</ul>
</div>
		</div></div></div></div></div>

<p>Marcelo Tapia (Secretario) Heddy Bugueño (Tesorera) Verónica Hurtado (Presidente) Rosa Bugueño (Directora)</p>
