{"id":6902,"date":"2016-09-01T13:17:14","date_gmt":"2016-09-01T13:17:14","guid":{"rendered":"http:\/\/colegioapumanque.cl\/apumanque\/?page_id=6902"},"modified":"2016-10-07T19:49:31","modified_gmt":"2016-10-07T19:49:31","slug":"apoyo-psicopedagogico","status":"publish","type":"page","link":"http:\/\/colegioapumanque.cl\/apumanque\/apoyo-psicopedagogico\/","title":{"rendered":"Apoyo Psicopedagogico"},"content":{"rendered":"<div id=\"pl-6902\"  class=\"panel-layout\" ><div id=\"pg-6902-0\"  class=\"panel-grid panel-no-style\" ><div id=\"pgc-6902-0-0\"  class=\"panel-grid-cell panel-grid-cell-empty\" ><\/div><\/div><div id=\"pg-6902-1\"  class=\"panel-grid panel-has-style\" ><div class=\"panel-row-style panel-row-style-for-6902-1\" ><div id=\"pgc-6902-1-0\"  class=\"panel-grid-cell\" ><div id=\"panel-6902-1-0-0\" class=\"so-panel widget widget_text panel-first-child panel-last-child\" data-index=\"0\" >\t\t\t<div class=\"textwidget\"><p style=\"text-align: justify;\">El apoyo psicopedag\u00f3gico se basa en realizar un proceso diagn\u00f3stico a los estudiantes, que seg\u00fan sus necesidades lo requieran, y un proceso posterior de derivaci\u00f3n a los profesionales pertinentes  y de seguimiento de las sugerencias entregadas por los mismos. <\/p>\n<p>Se trabaja en la toma de decisiones encaminadas a ejecutar las sugerencias, definiendo junto al Departamento de Orientaci\u00f3n el tipo y la intensidad de los apoyos  que deben ofrecerse a los estudiantes a lo largo de su escolaridad. A su vez,  se proporciona a los docentes informaci\u00f3n relevante para conocer con detenimiento las necesidades de cada uno,  y en funci\u00f3n de ello, justificar la necesidad de introducir medidas de apoyo y tomar medidas de car\u00e1cter extraordinario en concordancia con el proyecto educativo del Establecimiento.<\/p>\n<\/div>\n\t\t<\/div><\/div><div id=\"pgc-6902-1-1\"  class=\"panel-grid-cell\" ><div id=\"panel-6902-1-1-0\" class=\"so-panel widget widget_single-images panel-first-child panel-last-child\" data-index=\"1\" ><div class=\"thim-widget-single-images thim-widget-single-images-base\"><div class=\"single-image text-left\"><img src =\"http:\/\/colegioapumanque.cl\/apumanque\/wp-content\/uploads\/2016\/09\/img-apoyo-pedagogico.jpg\"  alt=\"\"\/><\/div><\/div><\/div><\/div><\/div><\/div><\/div>","protected":false},"excerpt":{"rendered":"<p>El apoyo psicopedag\u00f3gico se basa en realizar un proceso diagn\u00f3stico a los estudiantes, que seg\u00fan sus necesidades lo requieran, y un proceso posterior de derivaci\u00f3n a los profesionales pertinentes y de seguimiento de las sugerencias entregadas por los mismos. Se [&hellip;]<\/p>\n","protected":false},"author":1,"featured_media":0,"parent":0,"menu_order":0,"comment_status":"closed","ping_status":"closed","template":"","meta":[],"_links":{"self":[{"href":"http:\/\/colegioapumanque.cl\/apumanque\/wp-json\/wp\/v2\/pages\/6902"}],"collection":[{"href":"http:\/\/colegioapumanque.cl\/apumanque\/wp-json\/wp\/v2\/pages"}],"about":[{"href":"http:\/\/colegioapumanque.cl\/apumanque\/wp-json\/wp\/v2\/types\/page"}],"author":[{"embeddable":true,"href":"http:\/\/colegioapumanque.cl\/apumanque\/wp-json\/wp\/v2\/users\/1"}],"replies":[{"embeddable":true,"href":"http:\/\/colegioapumanque.cl\/apumanque\/wp-json\/wp\/v2\/comments?post=6902"}],"version-history":[{"count":3,"href":"http:\/\/colegioapumanque.cl\/apumanque\/wp-json\/wp\/v2\/pages\/6902\/revisions"}],"predecessor-version":[{"id":7040,"href":"http:\/\/colegioapumanque.cl\/apumanque\/wp-json\/wp\/v2\/pages\/6902\/revisions\/7040"}],"wp:attachment":[{"href":"http:\/\/colegioapumanque.cl\/apumanque\/wp-json\/wp\/v2\/media?parent=6902"}],"curies":[{"name":"wp","href":"https:\/\/api.w.org\/{rel}","templated":true}]}}