{"id":9444,"date":"2025-09-02T16:40:25","date_gmt":"2025-09-02T16:40:25","guid":{"rendered":"http:\/\/colegioapumanque.cl\/apumanque\/?page_id=9444"},"modified":"2025-09-02T16:45:31","modified_gmt":"2025-09-02T16:45:31","slug":"postulacion-becas-ano-2026","status":"publish","type":"page","link":"https:\/\/colegioapumanque.cl\/apumanque\/postulacion-becas-ano-2026\/","title":{"rendered":"Postulaci\u00f3n de Becas a\u00f1o 2026"},"content":{"rendered":"<div id=\"pl-9444\"  class=\"panel-layout\" ><div id=\"pg-9444-0\"  class=\"panel-grid panel-no-style\" ><div id=\"pgc-9444-0-0\"  class=\"panel-grid-cell\" ><div id=\"panel-9444-0-0-0\" class=\"so-panel widget widget_text panel-first-child\" data-index=\"0\" >\t\t\t<div class=\"textwidget\">Estimados Padres y Apoderados, junto con saludar, informamos que desde este lunes 8 de septiembre <strong>hasta el viernes 3 de octubre<\/strong>, se extiende periodo de postulaci\u00f3n a becas socioecon\u00f3micas a\u00f1o escolar 2026.<br>\n<br>\nPara un proceso efectivo, solicitamos considerar lo siguiente:<br>\n<br>\n1. Leer el Reglamento de Becas, el cual podr\u00e1 descargar desde la p\u00e1gina web del Colegio<br>\n2. El Formulario de Postulaci\u00f3n y documentos requeridos se adjuntan en este mensaje.<br>\n3. La documentaci\u00f3n de la postulaci\u00f3n debe entregarse en sobre sellado y debidamente identificada, indicando nombre y curso del o la estudiante que postula.<br>\n4. NO se recibir\u00e1n postulaciones que excedan del plazo se\u00f1alado.<br>\n<br>\nSaluda cordialmente a Ud.,<br>\n\nCOLEGIO APUMANQUE<\/div>\n\t\t<\/div><div id=\"panel-9444-0-0-1\" class=\"widget_text so-panel widget widget_custom_html\" data-index=\"1\" ><h3 class=\"widget-title\">Reglamento de becas<\/h3><div class=\"textwidget custom-html-widget\"><a href=\"https:\/\/colegioapumanque.cl\/apumanque\/wp-content\/uploads\/2025\/09\/REGLAMENTO-DE-BECAS-2025.pdf\" class=\"pdfemb-viewer\" style=\"\" data-width=\"max\" data-height=\"max\"  data-toolbar=\"top\" data-toolbar-fixed=\"off\">Reglamento de becas<br\/><\/a><\/div><\/div><div id=\"panel-9444-0-0-2\" class=\"so-panel widget widget_button\" data-index=\"2\" ><div class=\"thim-widget-button thim-widget-button-base\"><a class=\"widget-button  normal\" href=\"http:\/\/colegioapumanque.cl\/apumanque\/wp-content\/uploads\/2025\/09\/REGLAMENTO-DE-BECAS-2025.pdf\" style=\"\" data-hover=\"\">REGLAMENTO DE BECAS (DESCARGAR)<\/a><\/div><\/div><div id=\"panel-9444-0-0-3\" class=\"widget_text so-panel widget widget_custom_html\" data-index=\"3\" ><h3 class=\"widget-title\">Formulario de becas<\/h3><div class=\"textwidget custom-html-widget\"><a href=\"https:\/\/colegioapumanque.cl\/apumanque\/wp-content\/uploads\/2025\/09\/FORMULARIO-DE-BECAS-COLEGIO-APUMANQUE-LA-CALERA-2026.pdf\" class=\"pdfemb-viewer\" style=\"\" data-width=\"max\" data-height=\"max\"  data-toolbar=\"top\" data-toolbar-fixed=\"off\">Formulario de becas<br\/><\/a><\/div><\/div><div id=\"panel-9444-0-0-4\" class=\"so-panel widget widget_button\" data-index=\"4\" ><div class=\"thim-widget-button thim-widget-button-base\"><a class=\"widget-button  normal\" href=\"http:\/\/colegioapumanque.cl\/apumanque\/wp-content\/uploads\/2025\/09\/FORMULARIO-DE-BECAS-COLEGIO-APUMANQUE-LA-CALERA-2026.pdf\" style=\"\" data-hover=\"\">FORMULARIO DE BECAS (DESCARGAR)<\/a><\/div><\/div><div id=\"panel-9444-0-0-5\" class=\"widget_text so-panel widget widget_custom_html\" data-index=\"5\" ><h3 class=\"widget-title\">Documentos solicitados junto al formulario<\/h3><div class=\"textwidget custom-html-widget\"><a href=\"https:\/\/colegioapumanque.cl\/apumanque\/wp-content\/uploads\/2025\/09\/Documentos-solicitado-para-Becas-2026.pdf\" class=\"pdfemb-viewer\" style=\"\" data-width=\"max\" data-height=\"max\"  data-toolbar=\"top\" data-toolbar-fixed=\"off\">Documentos solicitados junto al formulario<br\/><\/a><\/div><\/div><div id=\"panel-9444-0-0-6\" class=\"so-panel widget widget_button panel-last-child\" data-index=\"6\" ><div class=\"thim-widget-button thim-widget-button-base\"><a class=\"widget-button  normal\" href=\"http:\/\/colegioapumanque.cl\/apumanque\/wp-content\/uploads\/2025\/09\/Documentos-solicitado-para-Becas-2026.pdf\" style=\"\" data-hover=\"\">DOCUMENTOS SOLICITADOS JUNTO AL FORMULARIO (DESCARGAR)<\/a><\/div><\/div><\/div><\/div><\/div>","protected":false},"excerpt":{"rendered":"<p>Estimados Padres y Apoderados, junto con saludar, informamos que desde este lunes 8 de septiembre hasta el viernes 3 de octubre, se extiende periodo de postulaci\u00f3n a becas socioecon\u00f3micas a\u00f1o escolar 2026. Para un proceso efectivo, solicitamos considerar lo siguiente: [&hellip;]<\/p>\n","protected":false},"author":1,"featured_media":0,"parent":0,"menu_order":0,"comment_status":"closed","ping_status":"closed","template":"","meta":[],"_links":{"self":[{"href":"https:\/\/colegioapumanque.cl\/apumanque\/wp-json\/wp\/v2\/pages\/9444"}],"collection":[{"href":"https:\/\/colegioapumanque.cl\/apumanque\/wp-json\/wp\/v2\/pages"}],"about":[{"href":"https:\/\/colegioapumanque.cl\/apumanque\/wp-json\/wp\/v2\/types\/page"}],"author":[{"embeddable":true,"href":"https:\/\/colegioapumanque.cl\/apumanque\/wp-json\/wp\/v2\/users\/1"}],"replies":[{"embeddable":true,"href":"https:\/\/colegioapumanque.cl\/apumanque\/wp-json\/wp\/v2\/comments?post=9444"}],"version-history":[{"count":14,"href":"https:\/\/colegioapumanque.cl\/apumanque\/wp-json\/wp\/v2\/pages\/9444\/revisions"}],"predecessor-version":[{"id":9461,"href":"https:\/\/colegioapumanque.cl\/apumanque\/wp-json\/wp\/v2\/pages\/9444\/revisions\/9461"}],"wp:attachment":[{"href":"https:\/\/colegioapumanque.cl\/apumanque\/wp-json\/wp\/v2\/media?parent=9444"}],"curies":[{"name":"wp","href":"https:\/\/api.w.org\/{rel}","templated":true}]}}